 base 3, what is -111212002 + 1?
-111212001
In base 14, what is 4 + 99?
9d
In base 14, what is -1 + -56b?
-56c
In base 6, what is -242 - 254?
-540
In base 8, what is 4 + 100?
104
In base 12, what is a + -338?
-32a
In base 10, what is 3 - 97?
-94
In base 5, what is 43 - 12?
31
In base 6, what is 120005 + 5?
120014
In base 3, what is -1 - -1112?
1111
In base 9, what is -20 + -13?
-33
In base 14, what is 239 + -5?
234
In base 7, what is 30 - 3?
24
In base 8, what is 11 + 3470?
3501
In base 9, what is -2571 - 3?
-2574
In base 6, what is 2204 - 24?
2140
In base 6, what is 2 - -12454?
12500
In base 12, what is 2 + 1a90?
1a92
In base 3, what is -110 + -2?
-112
In base 14, what is -83 - 0?
-83
In base 4, what is 1203303 + -11?
1203232
In base 7, what is 22053 + -1?
22052
In base 16, what is -58 + 4?
-54
In base 16, what is 2d + 4?
31
In base 12, what is -3 - -5?
2
In base 13, what is -b - -34?
26
In base 2, what is 10 - 110111?
-110101
In base 11, what is -2 + -191?
-193
In base 5, what is 0 - -10?
10
In base 6, what is 5 - 31?
-22
In base 8, what is 0 + 4?
4
In base 5, what is -2 - -41?
34
In base 16, what is 5b - -2?
5d
In base 3, what is -1 + -120002?
-120010
In base 9, what is -132 + 10?
-122
In base 4, what is -3 - -103?
100
In base 9, what is 5 + 3087?
3103
In base 10, what is 3 + -52?
-49
In base 9, what is 3 - 243?
-240
In base 10, what is 25 - -44?
69
In base 5, what is -3102 + -14?
-3121
In base 2, what is -11011 + -1000?
-100011
In base 13, what is -6 + 2953?
294a
In base 4, what is 3 + -10233?
-10230
In base 10, what is -475 - -5?
-470
In base 13, what is ac - 1?
ab
In base 11, what is -10 - -1612?
1602
In base 4, what is 31112 - -3?
31121
In base 5, what is 1343 - -32?
1430
In base 8, what is 2315 - -20?
2335
In base 13, what is 3 + -97?
-94
In base 14, what is -43 + 2?
-41
In base 2, what is -10000110 - -110?
-10000000
In base 9, what is -12 + 214?
202
In base 12, what is 2 + -9?
-7
In base 14, what is -164 - 1?
-165
In base 4, what is 10031 - -2?
10033
In base 3, what is -2011 - -1101?
-210
In base 9, what is -1361 - -4?
-1356
In base 4, what is 1302033 - 0?
1302033
In base 9, what is -10103 + -3?
-10106
In base 8, what is -116 + -114?
-232
In base 12, what is -8 - 31?
-39
In base 3, what is 21 - -1112110?
1112201
In base 7, what is -3 - 25?
-31
In base 5, what is -12 - -204?
142
In base 4, what is -1020 - 32?
-1112
In base 7, what is -123 - 1?
-124
In base 6, what is -204 + -21?
-225
In base 6, what is -2 - 125?
-131
In base 13, what is 158 - 1?
157
In base 15, what is -4 + -67?
-6b
In base 15, what is -3 - 4c?
-50
In base 4, what is 230100 + -21?
230013
In base 16, what is 12 - 9?
9
In base 11, what is 5336 + -5?
5331
In base 8, what is -1 - 113?
-114
In base 13, what is -1 - 0?
-1
In base 5, what is 11 + -20?
-4
In base 15, what is 290 + 1?
291
In base 12, what is 192 + 2?
194
In base 4, what is 1011201 + -2?
1011133
In base 6, what is -1 - 2300?
-2301
In base 3, what is -11 + -12212?
-20000
In base 14, what is 4 + d?
13
In base 13, what is 62 - -2?
64
In base 15, what is 1 + 14c?
14d
In base 5, what is 3312 + -10?
3302
In base 15, what is 129 + -1?
128
In base 2, what is 101 - -1101111011?
1110000000
In base 8, what is -136 - -11?
-125
In base 7, what is 5 - 6643?
-6635
In base 4, what is -2120322 + -10?
-2120332
In base 10, what is 61 - -6?
67
In base 8, what is -110 - 23?
-133
In base 11, what is -1 - 5?
-6
In base 13, what is -8 + 6a?
62
In base 15, what is 9 - 3?
6
In base 16, what is 176 - -2?
178
In base 8, what is -15542 - 5?
-15547
In base 5, what is -11 - 40014?
-40030
In base 5, what is -10011 + 2?
-10004
In base 5, what is 3 - -3423?
3431
In base 13, what is 30 + 6?
36
In base 14, what is -137 + 2?
-135
In base 14, what is 38 - -c7?
121
In base 14, what is -d + 1?
-c
In base 8, what is -7 + -455?
-464
In base 6, what is -313 - 10?
-323
In base 10, what is -110 + 0?
-110
In base 16, what is -3 + -16f?
-172
In base 6, what is -2 + -2500?
-2502
In base 4, what is -12301 + -1?
-12302
In base 10, what is 2 + 16?
18
In base 13, what is 2 + -2a9?
-2a7
In base 9, what is -4 - 140?
-144
In base 5, what is 333 + -4?
324
In base 4, what is -131 + 1113?
322
In base 12, what is -11 + -1a3?
-1b4
In base 15, what is -7 + 50?
48
In base 16, what is 82 + 63?
e5
In base 5, what is 10430 - -1?
10431
In base 16, what is -4 - -1de?
1da
In base 15, what is 14d + 2?
150
In base 9, what is -2 - 30?
-32
In base 6, what is 1041 + 1?
1042
In base 11, what is 8 + 57?
64
In base 13, what is -c77 + -1?
-c78
In base 16, what is 37f3 - -2?
37f5
In base 6, what is 154 - 10?
144
In base 10, what is 3 + 963?
966
In base 12, what is -352 - 3?
-355
In base 2, what is 100 + -1101000011?
-1100111111
In base 7, what is -2 - 50?
-52
In base 14, what is d - 8?
5
In base 8, what is -6 + 3004?
2776
In base 10, what is -5 + 1221?
1216
In base 7, what is 10466 + 5?
10504
In base 14, what is 1c + -3?
19
In base 5, what is 11 + -44?
-33
In base 6, what is -2 + 104?
102
In base 4, what is 0 + 200?
200
In base 8, what is 7224 - 3?
7221
In base 3, what is -1022 + 1?
-1021
In base 5, what is 2340 - 1?
2334
In base 11, what is 6 + 42?
48
In base 13, what is -107a + 9?
-1071
In base 12, what is -a - -4?
-6
In base 16, what is 1f4 - -2?
1f6
In base 5, what is 0 - -10?
10
In base 3, what is -120 + -10201?
-11021
In base 3, what is -12 - 1222?
-2011
In base 16, what is -1a - -f?
-b
In base 6, what is -5 + 241?
232
In base 8, what is -3 - 1122?
-1125
In base 5, what is 22 - 3?
14
In base 3, what is 0 - -11120122?
11120122
In base 7, what is -2 + 301?
266
In base 4, what is -13103013 - 3?
-13103022
In base 6, what is -5 + -1000?
-1005
In base 8, what is 5152 - -5?
5157
In base 3, what is 1210100 + -10?
1210020
In base 6, what is 1140 + -5?
1131
In base 2, what is 1100101010 - 10?
1100101000
In base 5, what is 1 + 13434?
13440
In base 8, what is -157 + 4?
-153
In base 8, what is 4 - 27?
-23
In base 14, what is d1 - -19?
10a
In base 7, what is 33 + -3?
30
In base 9, what is 7 - -1445?
1453
In base 5, what is -4313 - 1?
-4314
In base 7, what is -10651 - 2?
-10653
In base 11, what is -3 + -21a8?
-2200
In base 3, what is 2012100 - 10?
2012020
In base 11, what is 3 + -7?
-4
In base 4, what is -122311 + 10?
-122301
In base 11, what is 4a + -63?
-14
In base 14, what is 2148 - -5?
214d
In base 16, what is 1 - -1c2?
1c3
In base 2, what is 1000100 - -11?
1000111
In base 4, what is 2 - 2302?
-2300
In base 3, what is -111 + 100?
-11
In base 3, what is -21 - -202011?
201220
In base 9, what is -276 - 10?
-286
In base 14, what is 4 + 20?
24
In base 13, what is -4 - 9c?
-a3
In base 2, what is -11011110010 + -100?
-11011110110
In base 12, what is -2 - -12?
10
In base 13, what is -301 - 3?
-304
In base 3, what is 0 + 1012?
1012
In base 3, what is 1 - 101?
-100
In base 6, what is 3 - 1240?
-1233
In base 4, what is -2 - 1030321?
-1030323
In base 11, what is -4787 + 4?
-4783
In base 13, what is -11 + 22?
11
In base 11, what is 22 + 46?
68
In base 13, what is -37 + 49?
12
In base 2, what is -11 + 100?
1
In base 8, what is 250 - -173?
443
In base 2, what is 11 - 11010011?
-11010000
In base 9, what is 117 - -13?
131
In base 11, what is 5 + 4770?
4775
In base 15, what is -2 - a2?
-a4
In base 14, what is 83 - 2?
81
In base 16, what is -14 + 1?
-13
In base 13, what is -4 - 179?
-180
In base 7, what is 0 - -4?
4
In base 11, what is -4 + -199?
-1a2
In base 9, what is 5 + -3?
2
In base 8, what is -35 - 21?
-56
In base 3, what is -12 - 10220?
-11002
In base 9, what is 2 - 6823?
-6821
In base 4, what is 113331 + 0?
113331
In base 6, what is 453 + 1?
454
In base 16, what is 9 - -91f?
928
In base 2, what is -10101 + -10100101?
-10111010
In base 11, what is -3 - 66?
-69
In base 8, what is 162 + 21?
203
In base 12, what is -381 + -22?
-3a3
In base 6, what is 523 + 3?
530
In base 7, what is 2 + 265?
300
In base 16, what is c + -3?
9
In base 16, what is 4bb - -1?
4bc
In base 9, what is -15 + -573?
-588
In base 16, what is -6 - 91?
-97
In base 9, what is -1214 - -5?
-1208
In base 5, what is 1 - 10020?
-10014
In base 9, what is -15 + -447?
-463
In base 10, what is 2 - -746?
748
In base 16, what is 4 + -137?
-133
In base 11, what is -5 - 10?
-15
In base 3, what is 10 + 1010000?
1010010
In base 9, what is -2 - 2200?
